{"id":5727,"date":"2025-02-14T04:48:21","date_gmt":"2025-02-14T04:48:21","guid":{"rendered":"https:\/\/phongphim3trong1.com\/?post_type=product&#038;p=5727"},"modified":"2025-03-13T08:36:54","modified_gmt":"2025-03-13T08:36:54","slug":"the-18-2-sub-pro-passive","status":"publish","type":"product","link":"https:\/\/phongphim3trong1.com\/?product=the-18-2-sub-pro-passive","title":{"rendered":"The 18-2 SUB &#8211; PRO PASSIVE"},"content":{"rendered":"","protected":false},"excerpt":{"rendered":"<p><span style=\"color: #000000;\"><strong>Made in Germany<\/strong><\/span><\/p>\n<p><strong><span style=\"font-size: 150%; color: #ed1c24;\">Gi\u00e1 B\u00e1n: Li\u00ean H\u1ec7<\/span><\/strong><\/p>\n<p><span style=\"font-size: 120%;\"><strong><span style=\"color: #000000;\">Th\u00f4ng S\u1ed1 K\u1ef9 Thu\u1eadt<\/span><\/strong><\/span><\/p>\n<p><span style=\"color: #000000;\"><strong>T\u1ea7n s\u1ed1:<\/strong> 33 &#8211; 400 Hz (-3 dB)<\/span><br \/>\n<span style=\"color: #000000;\"><strong>Tr\u1edf kh\u00e1ng:<\/strong> 4 \u03a9<\/span><br \/>\n<span style=\"color: #000000;\"><strong>Power handling:<\/strong> 5000 &#8211; 10000 &#8211; 20000 W<\/span><br \/>\n<span style=\"color: #000000;\"><strong>\u0110\u1ed9 nh\u1ea1y:<\/strong> 89 dB; Max SPL: 138 dB (@63 Hz peak and up)<\/span><br \/>\n<span style=\"color: #000000;\"><strong>C\u1ea5u t\u1ea1o:<\/strong> 2 x 18&#8243; forward-firing, advanced carbon rohacell composite sandwich cones Woofer, NEO motor with 4&#8243; ultra-high-temperature VC<\/span><br \/>\n<span style=\"color: #000000;\"><strong>K\u00edch th\u01b0\u1edbc w\/o feet (W x H x D):<\/strong> 600 x 1200 x 265 mm<\/span><br \/>\n<span style=\"color: #000000;\"><strong>K\u00edch th\u01b0\u1edbc with feet (W x H x D):<\/strong> 600 x 1215 x 265 mm<\/span><\/p>\n","protected":false},"featured_media":5728,"comment_status":"closed","ping_status":"closed","template":"","meta":{"pgc_meta":""},"product_brand":[],"product_cat":[538],"product_tag":[605,607,606,609,611,608,610],"class_list":{"0":"post-5727","1":"product","2":"type-product","3":"status-publish","4":"has-post-thumbnail","6":"product_cat-aiaascendo","7":"product_tag-aia-18-2-sub","8":"product_tag-aia-18-2-sub-passive","9":"product_tag-aia-18-2-sub-pro-passive","10":"product_tag-ascendo-18-2-sub","11":"product_tag-ascendo-18-2-sub-passive","12":"product_tag-sub-aia-18-2-passive","13":"product_tag-sub-ascendo-18-2-passive","15":"first","16":"instock","17":"shipping-taxable","18":"product-type-simple"},"yoast_head":"<!-- This site is optimized with the Yoast SEO plugin v27.4 - https:\/\/yoast.com\/product\/yoast-seo-wordpress\/ -->\n<title>The 18-2 SUB - PRO PASSIVE - Gi\u1ea3i Ph\u00e1p 1 N\u00fat B\u1ea5m 3in1 \u0110\u1ea7u Ti\u00ean T\u1ea1i Vi\u1ec7t Nam<\/title>\n<meta name=\"robots\" content=\"index, follow, max-snippet:-1, max-image-preview:large, max-video-preview:-1\" \/>\n<link rel=\"canonical\" href=\"https:\/\/phongphim3trong1.com\/?product=the-18-2-sub-pro-passive\" \/>\n<meta property=\"og:locale\" content=\"vi_VN\" \/>\n<meta property=\"og:type\" content=\"article\" \/>\n<meta property=\"og:title\" content=\"The 18-2 SUB - PRO PASSIVE - Gi\u1ea3i Ph\u00e1p 1 N\u00fat B\u1ea5m 3in1 \u0110\u1ea7u Ti\u00ean T\u1ea1i Vi\u1ec7t Nam\" \/>\n<meta property=\"og:description\" content=\"Made in Germany  Gi\u00e1 B\u00e1n: Li\u00ean H\u1ec7  Th\u00f4ng S\u1ed1 K\u1ef9 Thu\u1eadt  T\u1ea7n s\u1ed1: 33 - 400 Hz (-3 dB) Tr\u1edf kh\u00e1ng: 4 \u03a9 Power handling: 5000 - 10000 - 20000 W \u0110\u1ed9 nh\u1ea1y: 89 dB; Max SPL: 138 dB (@63 Hz peak and up) C\u1ea5u t\u1ea1o: 2 x 18&quot; forward-firing, advanced carbon rohacell composite sandwich cones Woofer, NEO motor with 4&quot; ultra-high-temperature VC K\u00edch th\u01b0\u1edbc w\/o feet (W x H x D): 600 x 1200 x 265 mm K\u00edch th\u01b0\u1edbc with feet (W x H x D): 600 x 1215 x 265 mm\" \/>\n<meta property=\"og:url\" content=\"https:\/\/phongphim3trong1.com\/?product=the-18-2-sub-pro-passive\" \/>\n<meta property=\"og:site_name\" content=\"Gi\u1ea3i Ph\u00e1p 1 N\u00fat B\u1ea5m 3in1 \u0110\u1ea7u Ti\u00ean T\u1ea1i Vi\u1ec7t Nam\" \/>\n<meta property=\"article:modified_time\" content=\"2025-03-13T08:36:54+00:00\" \/>\n<meta property=\"og:image\" content=\"https:\/\/phongphim3trong1.com\/wp-content\/uploads\/2025\/02\/The18-2_SUB_PRO_P_S_SH_1.png\" \/>\n\t<meta property=\"og:image:width\" content=\"474\" \/>\n\t<meta property=\"og:image:height\" content=\"889\" \/>\n\t<meta property=\"og:image:type\" content=\"image\/png\" \/>\n<meta name=\"twitter:card\" content=\"summary_large_image\" \/>\n<meta name=\"twitter:label1\" content=\"\u01af\u1edbc t\u00ednh th\u1eddi gian \u0111\u1ecdc\" \/>\n\t<meta name=\"twitter:data1\" content=\"1 ph\u00fat\" \/>\n<script type=\"application\/ld+json\" class=\"yoast-schema-graph\">{\"@context\":\"https:\\\/\\\/schema.org\",\"@graph\":[{\"@type\":\"WebPage\",\"@id\":\"https:\\\/\\\/phongphim3trong1.com\\\/?product=the-18-2-sub-pro-passive\",\"url\":\"https:\\\/\\\/phongphim3trong1.com\\\/?product=the-18-2-sub-pro-passive\",\"name\":\"The 18-2 SUB - PRO PASSIVE - Gi\u1ea3i Ph\u00e1p 1 N\u00fat B\u1ea5m 3in1 \u0110\u1ea7u Ti\u00ean T\u1ea1i Vi\u1ec7t Nam\",\"isPartOf\":{\"@id\":\"https:\\\/\\\/phongphim3trong1.com\\\/#website\"},\"primaryImageOfPage\":{\"@id\":\"https:\\\/\\\/phongphim3trong1.com\\\/?product=the-18-2-sub-pro-passive#primaryimage\"},\"image\":{\"@id\":\"https:\\\/\\\/phongphim3trong1.com\\\/?product=the-18-2-sub-pro-passive#primaryimage\"},\"thumbnailUrl\":\"https:\\\/\\\/phongphim3trong1.com\\\/wp-content\\\/uploads\\\/2025\\\/02\\\/The18-2_SUB_PRO_P_S_SH_1.png\",\"datePublished\":\"2025-02-14T04:48:21+00:00\",\"dateModified\":\"2025-03-13T08:36:54+00:00\",\"breadcrumb\":{\"@id\":\"https:\\\/\\\/phongphim3trong1.com\\\/?product=the-18-2-sub-pro-passive#breadcrumb\"},\"inLanguage\":\"vi\",\"potentialAction\":[{\"@type\":\"ReadAction\",\"target\":[\"https:\\\/\\\/phongphim3trong1.com\\\/?product=the-18-2-sub-pro-passive\"]}]},{\"@type\":\"ImageObject\",\"inLanguage\":\"vi\",\"@id\":\"https:\\\/\\\/phongphim3trong1.com\\\/?product=the-18-2-sub-pro-passive#primaryimage\",\"url\":\"https:\\\/\\\/phongphim3trong1.com\\\/wp-content\\\/uploads\\\/2025\\\/02\\\/The18-2_SUB_PRO_P_S_SH_1.png\",\"contentUrl\":\"https:\\\/\\\/phongphim3trong1.com\\\/wp-content\\\/uploads\\\/2025\\\/02\\\/The18-2_SUB_PRO_P_S_SH_1.png\",\"width\":474,\"height\":889},{\"@type\":\"BreadcrumbList\",\"@id\":\"https:\\\/\\\/phongphim3trong1.com\\\/?product=the-18-2-sub-pro-passive#breadcrumb\",\"itemListElement\":[{\"@type\":\"ListItem\",\"position\":1,\"name\":\"Trang ch\u1ee7\",\"item\":\"https:\\\/\\\/phongphim3trong1.com\\\/\"},{\"@type\":\"ListItem\",\"position\":2,\"name\":\"S\u1ea3n ph\u1ea9m\",\"item\":\"https:\\\/\\\/phongphim3trong1.com\\\/san-pham\\\/\"},{\"@type\":\"ListItem\",\"position\":3,\"name\":\"The 18-2 SUB &#8211; PRO PASSIVE\"}]},{\"@type\":\"WebSite\",\"@id\":\"https:\\\/\\\/phongphim3trong1.com\\\/#website\",\"url\":\"https:\\\/\\\/phongphim3trong1.com\\\/\",\"name\":\"Gi\u1ea3i Ph\u00e1p 1 N\u00fat B\u1ea5m 3in1 \u0110\u1ea7u Ti\u00ean T\u1ea1i Vi\u1ec7t Nam\",\"description\":\"\",\"publisher\":{\"@id\":\"https:\\\/\\\/phongphim3trong1.com\\\/#organization\"},\"potentialAction\":[{\"@type\":\"SearchAction\",\"target\":{\"@type\":\"EntryPoint\",\"urlTemplate\":\"https:\\\/\\\/phongphim3trong1.com\\\/?s={search_term_string}\"},\"query-input\":{\"@type\":\"PropertyValueSpecification\",\"valueRequired\":true,\"valueName\":\"search_term_string\"}}],\"inLanguage\":\"vi\"},{\"@type\":\"Organization\",\"@id\":\"https:\\\/\\\/phongphim3trong1.com\\\/#organization\",\"name\":\"Gi\u1ea3i Ph\u00e1p 1 N\u00fat B\u1ea5m 3in1 \u0110\u1ea7u Ti\u00ean T\u1ea1i Vi\u1ec7t Nam\",\"url\":\"https:\\\/\\\/phongphim3trong1.com\\\/\",\"logo\":{\"@type\":\"ImageObject\",\"inLanguage\":\"vi\",\"@id\":\"https:\\\/\\\/phongphim3trong1.com\\\/#\\\/schema\\\/logo\\\/image\\\/\",\"url\":\"https:\\\/\\\/phongphim3trong1.com\\\/wp-content\\\/uploads\\\/2022\\\/11\\\/logo-phongphim3trong1-vector-moi-to-scaled.jpg\",\"contentUrl\":\"https:\\\/\\\/phongphim3trong1.com\\\/wp-content\\\/uploads\\\/2022\\\/11\\\/logo-phongphim3trong1-vector-moi-to-scaled.jpg\",\"width\":2560,\"height\":2108,\"caption\":\"Gi\u1ea3i Ph\u00e1p 1 N\u00fat B\u1ea5m 3in1 \u0110\u1ea7u Ti\u00ean T\u1ea1i Vi\u1ec7t Nam\"},\"image\":{\"@id\":\"https:\\\/\\\/phongphim3trong1.com\\\/#\\\/schema\\\/logo\\\/image\\\/\"}}]}<\/script>\n<!-- \/ Yoast SEO plugin. -->","yoast_head_json":{"title":"The 18-2 SUB - PRO PASSIVE - Gi\u1ea3i Ph\u00e1p 1 N\u00fat B\u1ea5m 3in1 \u0110\u1ea7u Ti\u00ean T\u1ea1i Vi\u1ec7t Nam","robots":{"index":"index","follow":"follow","max-snippet":"max-snippet:-1","max-image-preview":"max-image-preview:large","max-video-preview":"max-video-preview:-1"},"canonical":"https:\/\/phongphim3trong1.com\/?product=the-18-2-sub-pro-passive","og_locale":"vi_VN","og_type":"article","og_title":"The 18-2 SUB - PRO PASSIVE - Gi\u1ea3i Ph\u00e1p 1 N\u00fat B\u1ea5m 3in1 \u0110\u1ea7u Ti\u00ean T\u1ea1i Vi\u1ec7t Nam","og_description":"Made in Germany  Gi\u00e1 B\u00e1n: Li\u00ean H\u1ec7  Th\u00f4ng S\u1ed1 K\u1ef9 Thu\u1eadt  T\u1ea7n s\u1ed1: 33 - 400 Hz (-3 dB) Tr\u1edf kh\u00e1ng: 4 \u03a9 Power handling: 5000 - 10000 - 20000 W \u0110\u1ed9 nh\u1ea1y: 89 dB; Max SPL: 138 dB (@63 Hz peak and up) C\u1ea5u t\u1ea1o: 2 x 18\" forward-firing, advanced carbon rohacell composite sandwich cones Woofer, NEO motor with 4\" ultra-high-temperature VC K\u00edch th\u01b0\u1edbc w\/o feet (W x H x D): 600 x 1200 x 265 mm K\u00edch th\u01b0\u1edbc with feet (W x H x D): 600 x 1215 x 265 mm","og_url":"https:\/\/phongphim3trong1.com\/?product=the-18-2-sub-pro-passive","og_site_name":"Gi\u1ea3i Ph\u00e1p 1 N\u00fat B\u1ea5m 3in1 \u0110\u1ea7u Ti\u00ean T\u1ea1i Vi\u1ec7t Nam","article_modified_time":"2025-03-13T08:36:54+00:00","og_image":[{"width":474,"height":889,"url":"https:\/\/phongphim3trong1.com\/wp-content\/uploads\/2025\/02\/The18-2_SUB_PRO_P_S_SH_1.png","type":"image\/png"}],"twitter_card":"summary_large_image","twitter_misc":{"\u01af\u1edbc t\u00ednh th\u1eddi gian \u0111\u1ecdc":"1 ph\u00fat"},"schema":{"@context":"https:\/\/schema.org","@graph":[{"@type":"WebPage","@id":"https:\/\/phongphim3trong1.com\/?product=the-18-2-sub-pro-passive","url":"https:\/\/phongphim3trong1.com\/?product=the-18-2-sub-pro-passive","name":"The 18-2 SUB - PRO PASSIVE - Gi\u1ea3i Ph\u00e1p 1 N\u00fat B\u1ea5m 3in1 \u0110\u1ea7u Ti\u00ean T\u1ea1i Vi\u1ec7t Nam","isPartOf":{"@id":"https:\/\/phongphim3trong1.com\/#website"},"primaryImageOfPage":{"@id":"https:\/\/phongphim3trong1.com\/?product=the-18-2-sub-pro-passive#primaryimage"},"image":{"@id":"https:\/\/phongphim3trong1.com\/?product=the-18-2-sub-pro-passive#primaryimage"},"thumbnailUrl":"https:\/\/phongphim3trong1.com\/wp-content\/uploads\/2025\/02\/The18-2_SUB_PRO_P_S_SH_1.png","datePublished":"2025-02-14T04:48:21+00:00","dateModified":"2025-03-13T08:36:54+00:00","breadcrumb":{"@id":"https:\/\/phongphim3trong1.com\/?product=the-18-2-sub-pro-passive#breadcrumb"},"inLanguage":"vi","potentialAction":[{"@type":"ReadAction","target":["https:\/\/phongphim3trong1.com\/?product=the-18-2-sub-pro-passive"]}]},{"@type":"ImageObject","inLanguage":"vi","@id":"https:\/\/phongphim3trong1.com\/?product=the-18-2-sub-pro-passive#primaryimage","url":"https:\/\/phongphim3trong1.com\/wp-content\/uploads\/2025\/02\/The18-2_SUB_PRO_P_S_SH_1.png","contentUrl":"https:\/\/phongphim3trong1.com\/wp-content\/uploads\/2025\/02\/The18-2_SUB_PRO_P_S_SH_1.png","width":474,"height":889},{"@type":"BreadcrumbList","@id":"https:\/\/phongphim3trong1.com\/?product=the-18-2-sub-pro-passive#breadcrumb","itemListElement":[{"@type":"ListItem","position":1,"name":"Trang ch\u1ee7","item":"https:\/\/phongphim3trong1.com\/"},{"@type":"ListItem","position":2,"name":"S\u1ea3n ph\u1ea9m","item":"https:\/\/phongphim3trong1.com\/san-pham\/"},{"@type":"ListItem","position":3,"name":"The 18-2 SUB &#8211; PRO PASSIVE"}]},{"@type":"WebSite","@id":"https:\/\/phongphim3trong1.com\/#website","url":"https:\/\/phongphim3trong1.com\/","name":"Gi\u1ea3i Ph\u00e1p 1 N\u00fat B\u1ea5m 3in1 \u0110\u1ea7u Ti\u00ean T\u1ea1i Vi\u1ec7t Nam","description":"","publisher":{"@id":"https:\/\/phongphim3trong1.com\/#organization"},"potentialAction":[{"@type":"SearchAction","target":{"@type":"EntryPoint","urlTemplate":"https:\/\/phongphim3trong1.com\/?s={search_term_string}"},"query-input":{"@type":"PropertyValueSpecification","valueRequired":true,"valueName":"search_term_string"}}],"inLanguage":"vi"},{"@type":"Organization","@id":"https:\/\/phongphim3trong1.com\/#organization","name":"Gi\u1ea3i Ph\u00e1p 1 N\u00fat B\u1ea5m 3in1 \u0110\u1ea7u Ti\u00ean T\u1ea1i Vi\u1ec7t Nam","url":"https:\/\/phongphim3trong1.com\/","logo":{"@type":"ImageObject","inLanguage":"vi","@id":"https:\/\/phongphim3trong1.com\/#\/schema\/logo\/image\/","url":"https:\/\/phongphim3trong1.com\/wp-content\/uploads\/2022\/11\/logo-phongphim3trong1-vector-moi-to-scaled.jpg","contentUrl":"https:\/\/phongphim3trong1.com\/wp-content\/uploads\/2022\/11\/logo-phongphim3trong1-vector-moi-to-scaled.jpg","width":2560,"height":2108,"caption":"Gi\u1ea3i Ph\u00e1p 1 N\u00fat B\u1ea5m 3in1 \u0110\u1ea7u Ti\u00ean T\u1ea1i Vi\u1ec7t Nam"},"image":{"@id":"https:\/\/phongphim3trong1.com\/#\/schema\/logo\/image\/"}}]}},"_links":{"self":[{"href":"https:\/\/phongphim3trong1.com\/index.php?rest_route=\/wp\/v2\/product\/5727","targetHints":{"allow":["GET"]}}],"collection":[{"href":"https:\/\/phongphim3trong1.com\/index.php?rest_route=\/wp\/v2\/product"}],"about":[{"href":"https:\/\/phongphim3trong1.com\/index.php?rest_route=\/wp\/v2\/types\/product"}],"replies":[{"embeddable":true,"href":"https:\/\/phongphim3trong1.com\/index.php?rest_route=%2Fwp%2Fv2%2Fcomments&post=5727"}],"version-history":[{"count":4,"href":"https:\/\/phongphim3trong1.com\/index.php?rest_route=\/wp\/v2\/product\/5727\/revisions"}],"predecessor-version":[{"id":5778,"href":"https:\/\/phongphim3trong1.com\/index.php?rest_route=\/wp\/v2\/product\/5727\/revisions\/5778"}],"wp:featuredmedia":[{"embeddable":true,"href":"https:\/\/phongphim3trong1.com\/index.php?rest_route=\/wp\/v2\/media\/5728"}],"wp:attachment":[{"href":"https:\/\/phongphim3trong1.com\/index.php?rest_route=%2Fwp%2Fv2%2Fmedia&parent=5727"}],"wp:term":[{"taxonomy":"product_brand","embeddable":true,"href":"https:\/\/phongphim3trong1.com\/index.php?rest_route=%2Fwp%2Fv2%2Fproduct_brand&post=5727"},{"taxonomy":"product_cat","embeddable":true,"href":"https:\/\/phongphim3trong1.com\/index.php?rest_route=%2Fwp%2Fv2%2Fproduct_cat&post=5727"},{"taxonomy":"product_tag","embeddable":true,"href":"https:\/\/phongphim3trong1.com\/index.php?rest_route=%2Fwp%2Fv2%2Fproduct_tag&post=5727"}],"curies":[{"name":"wp","href":"https:\/\/api.w.org\/{rel}","templated":true}]}}