{"id":4246,"date":"2022-11-28T07:47:24","date_gmt":"2022-11-28T07:47:24","guid":{"rendered":"https:\/\/phongphim3trong1.com\/?post_type=product&#038;p=4246"},"modified":"2025-07-07T02:27:01","modified_gmt":"2025-07-07T02:27:01","slug":"may-chieu-sieu-gan-cineversum-ust-40","status":"publish","type":"product","link":"https:\/\/phongphim3trong1.com\/?product=may-chieu-sieu-gan-cineversum-ust-40","title":{"rendered":"M\u00e1y chi\u1ebfu si\u00eau g\u1ea7n UST &#8211; 40"},"content":{"rendered":"","protected":false},"excerpt":{"rendered":"<p><strong><span style=\"font-size: 150%; color: #ed1c24;\">Gi\u00e1 B\u00e1n: Li\u00ean H\u1ec7<\/span><\/strong><\/p>\n<p><strong><span style=\"color: #000000; font-size: 120%;\">Th\u00f4ng S\u1ed1 K\u1ef9 Thu\u1eadt<\/span><\/strong><\/p>\n<div id=\"3qi0p_4urhi\"><span id=\"3qi0p_4urhi_fm2b0\" class=\"\" data-text=\"true\"><strong><span style=\"color: #000000;\">Kho\u1ea3ng c\u00e1ch chi\u1ebfu:<\/span><\/strong> Ultra Short Throw 0.21:1<\/span><\/div>\n<div id=\"3qi0p_deh1h\"><span id=\"3qi0p_deh1h_7oak3\" class=\"\" data-text=\"true\"><strong><span style=\"color: #000000;\">C\u00f4ng ngh\u1ec7:<\/span><\/strong> single-chip 0.47\u201d DLP 4K panel<\/span><\/div>\n<div id=\"3qi0p_3ehft\"><span id=\"3qi0p_3ehft_4mdo5\" class=\"\" data-text=\"true\"><strong><span style=\"color: #000000;\">C\u01b0\u1eddng \u0111\u1ed9 s\u00e1ng:<\/span><\/strong> 3.200 ANSI Lumens<\/span><\/div>\n<div id=\"3qi0p_ng9g\"><span id=\"3qi0p_ng9g_3mms0\" class=\"\" data-text=\"true\"><strong><span style=\"color: #000000;\">\u0110\u1ed9 ph\u00e2n gi\u1ea3i th\u1ef1c:<\/span><\/strong> 4K UHD (3840 x 2160)<\/span><\/div>\n<div id=\"3qi0p_cf8ui\"><span id=\"3qi0p_cf8ui_eeuhl\" class=\"\" data-text=\"true\"><strong><span style=\"color: #000000;\">\u0110\u1ed9 t\u01b0\u01a1ng ph\u1ea3n:<\/span><\/strong> 15.000:1<\/span><\/div>\n<div id=\"3qi0p_2dss3\"><span id=\"3qi0p_2dss3_5dgo\" class=\"\" data-text=\"true\"><strong><span style=\"color: #000000;\">Ngu\u1ed3n s\u00e1ng:<\/span><\/strong> Laser, tu\u1ed5i th\u1ecd l\u00ean \u0111\u1ebfn 25.000 gi\u1edd<\/span><\/div>\n<div id=\"3qi0p_5c745\"><span id=\"3qi0p_5c745_9ti6n\" class=\"\" data-text=\"true\"><strong><span style=\"color: #000000;\">K\u00edch th\u01b0\u1edbc (W x H x D):<\/span><\/strong> 490 \u00d7 140 \u00d7 330 mm<\/span><\/div>\n","protected":false},"featured_media":4249,"comment_status":"closed","ping_status":"closed","template":"","meta":{"pgc_meta":""},"product_brand":[],"product_cat":[236],"product_tag":[631,627,630,628,629],"class_list":{"0":"post-4246","1":"product","2":"type-product","3":"status-publish","4":"has-post-thumbnail","6":"product_cat-san-pham","7":"product_tag-may-chieu-gan-ust40","8":"product_tag-may-chieu-sieu-gan","9":"product_tag-may-chieu-sieu-gan-ust40","10":"product_tag-ust-40","11":"product_tag-ust40","13":"first","14":"instock","15":"shipping-taxable","16":"product-type-simple"},"yoast_head":"<!-- This site is optimized with the Yoast SEO plugin v27.4 - https:\/\/yoast.com\/product\/yoast-seo-wordpress\/ -->\n<title>M\u00e1y chi\u1ebfu si\u00eau g\u1ea7n UST - 40 - Gi\u1ea3i Ph\u00e1p 1 N\u00fat B\u1ea5m 3in1 \u0110\u1ea7u Ti\u00ean T\u1ea1i Vi\u1ec7t Nam<\/title>\n<meta name=\"robots\" content=\"index, follow, max-snippet:-1, max-image-preview:large, max-video-preview:-1\" \/>\n<link rel=\"canonical\" href=\"https:\/\/phongphim3trong1.com\/?product=may-chieu-sieu-gan-cineversum-ust-40\" \/>\n<meta property=\"og:locale\" content=\"vi_VN\" \/>\n<meta property=\"og:type\" content=\"article\" \/>\n<meta property=\"og:title\" content=\"M\u00e1y chi\u1ebfu si\u00eau g\u1ea7n UST - 40 - Gi\u1ea3i Ph\u00e1p 1 N\u00fat B\u1ea5m 3in1 \u0110\u1ea7u Ti\u00ean T\u1ea1i Vi\u1ec7t Nam\" \/>\n<meta property=\"og:description\" content=\"Gi\u00e1 B\u00e1n: Li\u00ean H\u1ec7  Th\u00f4ng S\u1ed1 K\u1ef9 Thu\u1eadt Kho\u1ea3ng c\u00e1ch chi\u1ebfu: Ultra Short Throw 0.21:1 C\u00f4ng ngh\u1ec7: single-chip 0.47\u201d DLP 4K panel C\u01b0\u1eddng \u0111\u1ed9 s\u00e1ng: 3.200 ANSI Lumens \u0110\u1ed9 ph\u00e2n gi\u1ea3i th\u1ef1c: 4K UHD (3840 x 2160) \u0110\u1ed9 t\u01b0\u01a1ng ph\u1ea3n: 15.000:1 Ngu\u1ed3n s\u00e1ng: Laser, tu\u1ed5i th\u1ecd l\u00ean \u0111\u1ebfn 25.000 gi\u1edd K\u00edch th\u01b0\u1edbc (W x H x D): 490 \u00d7 140 \u00d7 330 mm\" \/>\n<meta property=\"og:url\" content=\"https:\/\/phongphim3trong1.com\/?product=may-chieu-sieu-gan-cineversum-ust-40\" \/>\n<meta property=\"og:site_name\" content=\"Gi\u1ea3i Ph\u00e1p 1 N\u00fat B\u1ea5m 3in1 \u0110\u1ea7u Ti\u00ean T\u1ea1i Vi\u1ec7t Nam\" \/>\n<meta property=\"article:modified_time\" content=\"2025-07-07T02:27:01+00:00\" \/>\n<meta property=\"og:image\" content=\"https:\/\/phongphim3trong1.com\/wp-content\/uploads\/2022\/11\/UST-40-2-scaled.jpg\" \/>\n\t<meta property=\"og:image:width\" content=\"1810\" \/>\n\t<meta property=\"og:image:height\" content=\"2560\" \/>\n\t<meta property=\"og:image:type\" content=\"image\/jpeg\" \/>\n<meta name=\"twitter:card\" content=\"summary_large_image\" \/>\n<meta name=\"twitter:label1\" content=\"\u01af\u1edbc t\u00ednh th\u1eddi gian \u0111\u1ecdc\" \/>\n\t<meta name=\"twitter:data1\" content=\"1 ph\u00fat\" \/>\n<script type=\"application\/ld+json\" class=\"yoast-schema-graph\">{\"@context\":\"https:\\\/\\\/schema.org\",\"@graph\":[{\"@type\":\"WebPage\",\"@id\":\"https:\\\/\\\/phongphim3trong1.com\\\/?product=may-chieu-sieu-gan-cineversum-ust-40\",\"url\":\"https:\\\/\\\/phongphim3trong1.com\\\/?product=may-chieu-sieu-gan-cineversum-ust-40\",\"name\":\"M\u00e1y chi\u1ebfu si\u00eau g\u1ea7n UST - 40 - Gi\u1ea3i Ph\u00e1p 1 N\u00fat B\u1ea5m 3in1 \u0110\u1ea7u Ti\u00ean T\u1ea1i Vi\u1ec7t Nam\",\"isPartOf\":{\"@id\":\"https:\\\/\\\/phongphim3trong1.com\\\/#website\"},\"primaryImageOfPage\":{\"@id\":\"https:\\\/\\\/phongphim3trong1.com\\\/?product=may-chieu-sieu-gan-cineversum-ust-40#primaryimage\"},\"image\":{\"@id\":\"https:\\\/\\\/phongphim3trong1.com\\\/?product=may-chieu-sieu-gan-cineversum-ust-40#primaryimage\"},\"thumbnailUrl\":\"https:\\\/\\\/phongphim3trong1.com\\\/wp-content\\\/uploads\\\/2022\\\/11\\\/UST-40-2-scaled.jpg\",\"datePublished\":\"2022-11-28T07:47:24+00:00\",\"dateModified\":\"2025-07-07T02:27:01+00:00\",\"breadcrumb\":{\"@id\":\"https:\\\/\\\/phongphim3trong1.com\\\/?product=may-chieu-sieu-gan-cineversum-ust-40#breadcrumb\"},\"inLanguage\":\"vi\",\"potentialAction\":[{\"@type\":\"ReadAction\",\"target\":[\"https:\\\/\\\/phongphim3trong1.com\\\/?product=may-chieu-sieu-gan-cineversum-ust-40\"]}]},{\"@type\":\"ImageObject\",\"inLanguage\":\"vi\",\"@id\":\"https:\\\/\\\/phongphim3trong1.com\\\/?product=may-chieu-sieu-gan-cineversum-ust-40#primaryimage\",\"url\":\"https:\\\/\\\/phongphim3trong1.com\\\/wp-content\\\/uploads\\\/2022\\\/11\\\/UST-40-2-scaled.jpg\",\"contentUrl\":\"https:\\\/\\\/phongphim3trong1.com\\\/wp-content\\\/uploads\\\/2022\\\/11\\\/UST-40-2-scaled.jpg\",\"width\":1810,\"height\":2560},{\"@type\":\"BreadcrumbList\",\"@id\":\"https:\\\/\\\/phongphim3trong1.com\\\/?product=may-chieu-sieu-gan-cineversum-ust-40#breadcrumb\",\"itemListElement\":[{\"@type\":\"ListItem\",\"position\":1,\"name\":\"Trang ch\u1ee7\",\"item\":\"https:\\\/\\\/phongphim3trong1.com\\\/\"},{\"@type\":\"ListItem\",\"position\":2,\"name\":\"S\u1ea3n ph\u1ea9m\",\"item\":\"https:\\\/\\\/phongphim3trong1.com\\\/san-pham\\\/\"},{\"@type\":\"ListItem\",\"position\":3,\"name\":\"M\u00e1y chi\u1ebfu si\u00eau g\u1ea7n UST &#8211; 40\"}]},{\"@type\":\"WebSite\",\"@id\":\"https:\\\/\\\/phongphim3trong1.com\\\/#website\",\"url\":\"https:\\\/\\\/phongphim3trong1.com\\\/\",\"name\":\"Gi\u1ea3i Ph\u00e1p 1 N\u00fat B\u1ea5m 3in1 \u0110\u1ea7u Ti\u00ean T\u1ea1i Vi\u1ec7t Nam\",\"description\":\"\",\"publisher\":{\"@id\":\"https:\\\/\\\/phongphim3trong1.com\\\/#organization\"},\"potentialAction\":[{\"@type\":\"SearchAction\",\"target\":{\"@type\":\"EntryPoint\",\"urlTemplate\":\"https:\\\/\\\/phongphim3trong1.com\\\/?s={search_term_string}\"},\"query-input\":{\"@type\":\"PropertyValueSpecification\",\"valueRequired\":true,\"valueName\":\"search_term_string\"}}],\"inLanguage\":\"vi\"},{\"@type\":\"Organization\",\"@id\":\"https:\\\/\\\/phongphim3trong1.com\\\/#organization\",\"name\":\"Gi\u1ea3i Ph\u00e1p 1 N\u00fat B\u1ea5m 3in1 \u0110\u1ea7u Ti\u00ean T\u1ea1i Vi\u1ec7t Nam\",\"url\":\"https:\\\/\\\/phongphim3trong1.com\\\/\",\"logo\":{\"@type\":\"ImageObject\",\"inLanguage\":\"vi\",\"@id\":\"https:\\\/\\\/phongphim3trong1.com\\\/#\\\/schema\\\/logo\\\/image\\\/\",\"url\":\"https:\\\/\\\/phongphim3trong1.com\\\/wp-content\\\/uploads\\\/2022\\\/11\\\/logo-phongphim3trong1-vector-moi-to-scaled.jpg\",\"contentUrl\":\"https:\\\/\\\/phongphim3trong1.com\\\/wp-content\\\/uploads\\\/2022\\\/11\\\/logo-phongphim3trong1-vector-moi-to-scaled.jpg\",\"width\":2560,\"height\":2108,\"caption\":\"Gi\u1ea3i Ph\u00e1p 1 N\u00fat B\u1ea5m 3in1 \u0110\u1ea7u Ti\u00ean T\u1ea1i Vi\u1ec7t Nam\"},\"image\":{\"@id\":\"https:\\\/\\\/phongphim3trong1.com\\\/#\\\/schema\\\/logo\\\/image\\\/\"}}]}<\/script>\n<!-- \/ Yoast SEO plugin. -->","yoast_head_json":{"title":"M\u00e1y chi\u1ebfu si\u00eau g\u1ea7n UST - 40 - Gi\u1ea3i Ph\u00e1p 1 N\u00fat B\u1ea5m 3in1 \u0110\u1ea7u Ti\u00ean T\u1ea1i Vi\u1ec7t Nam","robots":{"index":"index","follow":"follow","max-snippet":"max-snippet:-1","max-image-preview":"max-image-preview:large","max-video-preview":"max-video-preview:-1"},"canonical":"https:\/\/phongphim3trong1.com\/?product=may-chieu-sieu-gan-cineversum-ust-40","og_locale":"vi_VN","og_type":"article","og_title":"M\u00e1y chi\u1ebfu si\u00eau g\u1ea7n UST - 40 - Gi\u1ea3i Ph\u00e1p 1 N\u00fat B\u1ea5m 3in1 \u0110\u1ea7u Ti\u00ean T\u1ea1i Vi\u1ec7t Nam","og_description":"Gi\u00e1 B\u00e1n: Li\u00ean H\u1ec7  Th\u00f4ng S\u1ed1 K\u1ef9 Thu\u1eadt Kho\u1ea3ng c\u00e1ch chi\u1ebfu: Ultra Short Throw 0.21:1 C\u00f4ng ngh\u1ec7: single-chip 0.47\u201d DLP 4K panel C\u01b0\u1eddng \u0111\u1ed9 s\u00e1ng: 3.200 ANSI Lumens \u0110\u1ed9 ph\u00e2n gi\u1ea3i th\u1ef1c: 4K UHD (3840 x 2160) \u0110\u1ed9 t\u01b0\u01a1ng ph\u1ea3n: 15.000:1 Ngu\u1ed3n s\u00e1ng: Laser, tu\u1ed5i th\u1ecd l\u00ean \u0111\u1ebfn 25.000 gi\u1edd K\u00edch th\u01b0\u1edbc (W x H x D): 490 \u00d7 140 \u00d7 330 mm","og_url":"https:\/\/phongphim3trong1.com\/?product=may-chieu-sieu-gan-cineversum-ust-40","og_site_name":"Gi\u1ea3i Ph\u00e1p 1 N\u00fat B\u1ea5m 3in1 \u0110\u1ea7u Ti\u00ean T\u1ea1i Vi\u1ec7t Nam","article_modified_time":"2025-07-07T02:27:01+00:00","og_image":[{"width":1810,"height":2560,"url":"https:\/\/phongphim3trong1.com\/wp-content\/uploads\/2022\/11\/UST-40-2-scaled.jpg","type":"image\/jpeg"}],"twitter_card":"summary_large_image","twitter_misc":{"\u01af\u1edbc t\u00ednh th\u1eddi gian \u0111\u1ecdc":"1 ph\u00fat"},"schema":{"@context":"https:\/\/schema.org","@graph":[{"@type":"WebPage","@id":"https:\/\/phongphim3trong1.com\/?product=may-chieu-sieu-gan-cineversum-ust-40","url":"https:\/\/phongphim3trong1.com\/?product=may-chieu-sieu-gan-cineversum-ust-40","name":"M\u00e1y chi\u1ebfu si\u00eau g\u1ea7n UST - 40 - Gi\u1ea3i Ph\u00e1p 1 N\u00fat B\u1ea5m 3in1 \u0110\u1ea7u Ti\u00ean T\u1ea1i Vi\u1ec7t Nam","isPartOf":{"@id":"https:\/\/phongphim3trong1.com\/#website"},"primaryImageOfPage":{"@id":"https:\/\/phongphim3trong1.com\/?product=may-chieu-sieu-gan-cineversum-ust-40#primaryimage"},"image":{"@id":"https:\/\/phongphim3trong1.com\/?product=may-chieu-sieu-gan-cineversum-ust-40#primaryimage"},"thumbnailUrl":"https:\/\/phongphim3trong1.com\/wp-content\/uploads\/2022\/11\/UST-40-2-scaled.jpg","datePublished":"2022-11-28T07:47:24+00:00","dateModified":"2025-07-07T02:27:01+00:00","breadcrumb":{"@id":"https:\/\/phongphim3trong1.com\/?product=may-chieu-sieu-gan-cineversum-ust-40#breadcrumb"},"inLanguage":"vi","potentialAction":[{"@type":"ReadAction","target":["https:\/\/phongphim3trong1.com\/?product=may-chieu-sieu-gan-cineversum-ust-40"]}]},{"@type":"ImageObject","inLanguage":"vi","@id":"https:\/\/phongphim3trong1.com\/?product=may-chieu-sieu-gan-cineversum-ust-40#primaryimage","url":"https:\/\/phongphim3trong1.com\/wp-content\/uploads\/2022\/11\/UST-40-2-scaled.jpg","contentUrl":"https:\/\/phongphim3trong1.com\/wp-content\/uploads\/2022\/11\/UST-40-2-scaled.jpg","width":1810,"height":2560},{"@type":"BreadcrumbList","@id":"https:\/\/phongphim3trong1.com\/?product=may-chieu-sieu-gan-cineversum-ust-40#breadcrumb","itemListElement":[{"@type":"ListItem","position":1,"name":"Trang ch\u1ee7","item":"https:\/\/phongphim3trong1.com\/"},{"@type":"ListItem","position":2,"name":"S\u1ea3n ph\u1ea9m","item":"https:\/\/phongphim3trong1.com\/san-pham\/"},{"@type":"ListItem","position":3,"name":"M\u00e1y chi\u1ebfu si\u00eau g\u1ea7n UST &#8211; 40"}]},{"@type":"WebSite","@id":"https:\/\/phongphim3trong1.com\/#website","url":"https:\/\/phongphim3trong1.com\/","name":"Gi\u1ea3i Ph\u00e1p 1 N\u00fat B\u1ea5m 3in1 \u0110\u1ea7u Ti\u00ean T\u1ea1i Vi\u1ec7t Nam","description":"","publisher":{"@id":"https:\/\/phongphim3trong1.com\/#organization"},"potentialAction":[{"@type":"SearchAction","target":{"@type":"EntryPoint","urlTemplate":"https:\/\/phongphim3trong1.com\/?s={search_term_string}"},"query-input":{"@type":"PropertyValueSpecification","valueRequired":true,"valueName":"search_term_string"}}],"inLanguage":"vi"},{"@type":"Organization","@id":"https:\/\/phongphim3trong1.com\/#organization","name":"Gi\u1ea3i Ph\u00e1p 1 N\u00fat B\u1ea5m 3in1 \u0110\u1ea7u Ti\u00ean T\u1ea1i Vi\u1ec7t Nam","url":"https:\/\/phongphim3trong1.com\/","logo":{"@type":"ImageObject","inLanguage":"vi","@id":"https:\/\/phongphim3trong1.com\/#\/schema\/logo\/image\/","url":"https:\/\/phongphim3trong1.com\/wp-content\/uploads\/2022\/11\/logo-phongphim3trong1-vector-moi-to-scaled.jpg","contentUrl":"https:\/\/phongphim3trong1.com\/wp-content\/uploads\/2022\/11\/logo-phongphim3trong1-vector-moi-to-scaled.jpg","width":2560,"height":2108,"caption":"Gi\u1ea3i Ph\u00e1p 1 N\u00fat B\u1ea5m 3in1 \u0110\u1ea7u Ti\u00ean T\u1ea1i Vi\u1ec7t Nam"},"image":{"@id":"https:\/\/phongphim3trong1.com\/#\/schema\/logo\/image\/"}}]}},"_links":{"self":[{"href":"https:\/\/phongphim3trong1.com\/index.php?rest_route=\/wp\/v2\/product\/4246","targetHints":{"allow":["GET"]}}],"collection":[{"href":"https:\/\/phongphim3trong1.com\/index.php?rest_route=\/wp\/v2\/product"}],"about":[{"href":"https:\/\/phongphim3trong1.com\/index.php?rest_route=\/wp\/v2\/types\/product"}],"replies":[{"embeddable":true,"href":"https:\/\/phongphim3trong1.com\/index.php?rest_route=%2Fwp%2Fv2%2Fcomments&post=4246"}],"version-history":[{"count":3,"href":"https:\/\/phongphim3trong1.com\/index.php?rest_route=\/wp\/v2\/product\/4246\/revisions"}],"predecessor-version":[{"id":5804,"href":"https:\/\/phongphim3trong1.com\/index.php?rest_route=\/wp\/v2\/product\/4246\/revisions\/5804"}],"wp:featuredmedia":[{"embeddable":true,"href":"https:\/\/phongphim3trong1.com\/index.php?rest_route=\/wp\/v2\/media\/4249"}],"wp:attachment":[{"href":"https:\/\/phongphim3trong1.com\/index.php?rest_route=%2Fwp%2Fv2%2Fmedia&parent=4246"}],"wp:term":[{"taxonomy":"product_brand","embeddable":true,"href":"https:\/\/phongphim3trong1.com\/index.php?rest_route=%2Fwp%2Fv2%2Fproduct_brand&post=4246"},{"taxonomy":"product_cat","embeddable":true,"href":"https:\/\/phongphim3trong1.com\/index.php?rest_route=%2Fwp%2Fv2%2Fproduct_cat&post=4246"},{"taxonomy":"product_tag","embeddable":true,"href":"https:\/\/phongphim3trong1.com\/index.php?rest_route=%2Fwp%2Fv2%2Fproduct_tag&post=4246"}],"curies":[{"name":"wp","href":"https:\/\/api.w.org\/{rel}","templated":true}]}}