{"id":3425,"date":"2022-06-18T04:24:32","date_gmt":"2022-06-18T04:24:32","guid":{"rendered":"https:\/\/phongphim3trong1.com\/?post_type=product&#038;p=3425"},"modified":"2025-03-07T10:19:15","modified_gmt":"2025-03-07T10:19:15","slug":"loa-pontos-s","status":"publish","type":"product","link":"https:\/\/phongphim3trong1.com\/?product=loa-pontos-s","title":{"rendered":"Loa AQ Pontos S"},"content":{"rendered":"<div>l\u00e0 d\u00f2ng loa nh\u1ecf nh\u1ea5t trong c\u00e1c d\u00f2ng, Pontos S \u0111\u01b0\u1ee3c thi\u1ebft k\u1ebf \u0111\u1eb7c bi\u1ec7t cho c\u00e1c nhi\u1ec7m v\u1ee5 xung quanh. C\u1ed5ng ph\u00eda tr\u01b0\u1edbc cho ph\u00e9p b\u1ed1 tr\u00ed g\u1ea7n \/ tr\u00ean t\u01b0\u1eddng v\u00e0 \u0111\u01b0\u1ee3c t\u1ea1o h\u00ecnh \u1edf b\u00ean ngo\u00e0i v\u00e0 b\u00ean trong \u0111\u1ec3 lo\u1ea1i b\u1ecf ti\u1ebfng \u1ed3n c\u1ee7a c\u1ed5ng. BT1 ho\u1eb7c AQ Sat 4 c\u00f3 th\u1ec3 \u0111\u01b0\u1ee3c s\u1eed d\u1ee5ng \u0111\u1ec3 \u0111\u1eb7t tr\u00ean t\u01b0\u1eddng.<\/div>\n<div><\/div>\n<div>V\u00e1ch ng\u0103n \u0111\u01b0\u1ee3c l\u00e0m t\u1eeb c\u00e1c t\u1ea5m MDF v\u00e0 v\u00e1ch ng\u0103n s\u1eed d\u1ee5ng c\u1ea5u tr\u00fac b\u00e1nh sandwich \u0111\u1ed9c quy\u1ec1n. V\u00ec nh\u1ecf g\u1ecdn n\u00ean th\u00f9ng loa c\u1ef1c k\u1ef3 c\u1ee9ng c\u00e1p. L\u01b0\u1edbi t\u1ea3n nhi\u1ec7t c\u00f3 th\u1ec3 th\u00e1o r\u1eddi s\u1eed d\u1ee5ng h\u1ec7 th\u1ed1ng nam ch\u00e2m v\u00f4 h\u00ecnh gi\u00fap cho v\u00e1ch ng\u0103n ph\u00eda tr\u01b0\u1edbc s\u1ea1ch s\u1ebd tr\u1ef1c quan. C\u00e1c tr\u1ee5 r\u00e0ng bu\u1ed9c ch\u1ea5t l\u01b0\u1ee3ng cao cho ph\u00e9p \u0111\u1ea5u n\u1ed1i d\u00e2y v\u00e0 bi-amping. AUDIOQUEST Rocket 33 \u0111\u01b0\u1ee3c ch\u1ecdn cho h\u1ec7 th\u1ed1ng d\u00e2y \u0111i\u1ec7n b\u00ean trong c\u0169ng \u0111\u01b0\u1ee3c khuy\u1ebfn ngh\u1ecb \u0111\u1ec3 k\u1ebft n\u1ed1i h\u1ec7 th\u1ed1ng v\u1edbi b\u1ed9 khu\u1ebfch \u0111\u1ea1i.<\/div>\n<div><\/div>\n<div>Tr\u00ecnh \u0111i\u1ec1u khi\u1ec3n Scan-Speak ch\u1ea5t l\u01b0\u1ee3ng cao \u0111\u01b0\u1ee3c s\u1eed d\u1ee5ng trong Pontos 9. Khung nh\u00f4m \u0111\u00fac v\u00e0 n\u00f3n s\u1ee3i th\u1ee7y tinh c\u1ef1c k\u1ef3 c\u1ee9ng c\u1ee7a tr\u00ecnh \u0111i\u1ec1u khi\u1ec3n trung tr\u1ea7m \u0111\u1ea3m b\u1ea3o \u00e2m thanh r\u1ea5t s\u1ed1ng \u0111\u1ed9ng. Loa tweeter b\u1ed9 t\u1ea3n nhi\u1ec7t v\u00f2ng cung c\u1ea5p \u00e2m tr\u01b0\u1eddng r\u1ed9ng v\u00e0 \u0111\u00e1p \u1ee9ng t\u1ea7n s\u1ed1 m\u1edf r\u1ed9ng.<\/div>\n<div><\/div>\n<div>L\u1edbp ho\u00e0n thi\u1ec7n c\u00f3 \u0111\u1ed9 b\u00f3ng cao t\u00e1m l\u1edbp g\u00e2y \u1ea5n t\u01b0\u1ee3ng v\u1ec1 m\u1eb7t th\u1ecb gi\u00e1c v\u00e0 c\u0169ng gi\u00fap t\u0103ng c\u01b0\u1eddng \u00e2m thanh cho v\u00e1ch ng\u0103n ph\u00eda tr\u01b0\u1edbc. Pontos S l\u00e0 m\u00f4 h\u00ecnh nh\u1ecf g\u1ecdn nh\u1ea5t trong d\u00f2ng Pontos nh\u01b0ng cung c\u1ea5p \u00e2m thanh ho\u00e0n h\u1ea3o v\u00e0 ho\u1ea1t \u0111\u1ed9ng c\u1ef1c t\u1ed1t trong c\u00e1c ph\u00f2ng t\u1eeb nh\u1ecf \u0111\u1ebfn trung b\u00ecnh.<\/div>\n<div><\/div>\n<div>Pontos S trong \u0111\u00f3 S d\u00e0nh cho \u00e2m thanh v\u00f2m \u0111\u1ea9y phong c\u00e1ch \u00e2m thanh v\u00f2m v\u00e0 thi\u1ebft l\u1eadp \u0111i\u1ec3m chu\u1ea9n m\u1edbi trong ph\u00f2ng chi\u1ebfu phim t\u1ea1i nh\u00e0.<\/div>\n","protected":false},"excerpt":{"rendered":"<p><strong><span style=\"color: #000000;\">Made in Czech<\/span><\/strong><\/p>\n<p><strong><span style=\"font-size: 150%; color: #ed1c24;\">Gi\u00e1 b\u00e1n: Li\u00ean H\u1ec7<\/span><\/strong><\/p>\n<p><strong><span style=\"color: #000000; font-size: 120%;\">Th\u00f4ng S\u1ed1 K\u1ef9 Thu\u1eadt<\/span><\/strong><\/p>\n<div><strong>T\u1ea7n s\u1ed1:<\/strong> 60 &#8211; 43.000 Hz<\/div>\n<div><strong>Tr\u1edf kh\u00e1ng:<\/strong> 8 Ohms<\/div>\n<div><strong>C\u00f4ng su\u1ea5t:<\/strong> 60 W RMS<\/div>\n<div><strong>\u0110\u1ed9 nh\u1ea1y:<\/strong> 89 dB<\/div>\n<div><strong><span id=\"5a372_fkci9_46knm\" class=\"\" data-text=\"true\">C\u1ea5u t\u1ea1o:<\/span><\/strong><\/div>\n<div>1 x 1\u201d Scan-Speak Illuminator Tweeter<\/div>\n<div>1 x 5\u201d Scan-Speak Illuminator Mid-Woofer<\/div>\n<div><strong>K\u00edch th\u01b0\u1edbc (W x H x D):<\/strong> 180 x 380 x 145 mm<\/div>\n","protected":false},"featured_media":3429,"comment_status":"closed","ping_status":"closed","template":"","meta":{"pgc_meta":""},"product_brand":[],"product_cat":[238],"product_tag":[202,201,203,204],"class_list":{"0":"post-3425","1":"product","2":"type-product","3":"status-publish","4":"has-post-thumbnail","6":"product_cat-aq-audio","7":"product_tag-aq-pontos-s","8":"product_tag-loa-aq-pontos-s","9":"product_tag-loa-pontos-s","10":"product_tag-pontos-s","12":"first","13":"instock","14":"shipping-taxable","15":"product-type-simple"},"yoast_head":"<!-- This site is optimized with the Yoast SEO plugin v27.4 - https:\/\/yoast.com\/product\/yoast-seo-wordpress\/ -->\n<title>Loa AQ Pontos S - Gi\u1ea3i Ph\u00e1p 1 N\u00fat B\u1ea5m 3in1 \u0110\u1ea7u Ti\u00ean T\u1ea1i Vi\u1ec7t Nam<\/title>\n<meta name=\"robots\" content=\"index, follow, max-snippet:-1, max-image-preview:large, max-video-preview:-1\" \/>\n<link rel=\"canonical\" href=\"https:\/\/phongphim3trong1.com\/?product=loa-pontos-s\" \/>\n<meta property=\"og:locale\" content=\"vi_VN\" \/>\n<meta property=\"og:type\" content=\"article\" \/>\n<meta property=\"og:title\" content=\"Loa AQ Pontos S - Gi\u1ea3i Ph\u00e1p 1 N\u00fat B\u1ea5m 3in1 \u0110\u1ea7u Ti\u00ean T\u1ea1i Vi\u1ec7t Nam\" \/>\n<meta property=\"og:description\" content=\"Made in Czech  Gi\u00e1 b\u00e1n: Li\u00ean H\u1ec7  Th\u00f4ng S\u1ed1 K\u1ef9 Thu\u1eadt T\u1ea7n s\u1ed1: 60 - 43.000 Hz Tr\u1edf kh\u00e1ng: 8 Ohms C\u00f4ng su\u1ea5t: 60 W RMS \u0110\u1ed9 nh\u1ea1y: 89 dB C\u1ea5u t\u1ea1o: 1 x 1\u201d Scan-Speak Illuminator Tweeter 1 x 5\u201d Scan-Speak Illuminator Mid-Woofer K\u00edch th\u01b0\u1edbc (W x H x D): 180 x 380 x 145 mm\" \/>\n<meta property=\"og:url\" content=\"https:\/\/phongphim3trong1.com\/?product=loa-pontos-s\" \/>\n<meta property=\"og:site_name\" content=\"Gi\u1ea3i Ph\u00e1p 1 N\u00fat B\u1ea5m 3in1 \u0110\u1ea7u Ti\u00ean T\u1ea1i Vi\u1ec7t Nam\" \/>\n<meta property=\"article:modified_time\" content=\"2025-03-07T10:19:15+00:00\" \/>\n<meta property=\"og:image\" content=\"https:\/\/phongphim3trong1.com\/wp-content\/uploads\/2022\/06\/pontos-s-1.jpg\" \/>\n\t<meta property=\"og:image:width\" content=\"510\" \/>\n\t<meta property=\"og:image:height\" content=\"680\" \/>\n\t<meta property=\"og:image:type\" content=\"image\/jpeg\" \/>\n<meta name=\"twitter:card\" content=\"summary_large_image\" \/>\n<meta name=\"twitter:label1\" content=\"\u01af\u1edbc t\u00ednh th\u1eddi gian \u0111\u1ecdc\" \/>\n\t<meta name=\"twitter:data1\" content=\"2 ph\u00fat\" \/>\n<script type=\"application\/ld+json\" class=\"yoast-schema-graph\">{\"@context\":\"https:\\\/\\\/schema.org\",\"@graph\":[{\"@type\":\"WebPage\",\"@id\":\"https:\\\/\\\/phongphim3trong1.com\\\/?product=loa-pontos-s\",\"url\":\"https:\\\/\\\/phongphim3trong1.com\\\/?product=loa-pontos-s\",\"name\":\"Loa AQ Pontos S - Gi\u1ea3i Ph\u00e1p 1 N\u00fat B\u1ea5m 3in1 \u0110\u1ea7u Ti\u00ean T\u1ea1i Vi\u1ec7t Nam\",\"isPartOf\":{\"@id\":\"https:\\\/\\\/phongphim3trong1.com\\\/#website\"},\"primaryImageOfPage\":{\"@id\":\"https:\\\/\\\/phongphim3trong1.com\\\/?product=loa-pontos-s#primaryimage\"},\"image\":{\"@id\":\"https:\\\/\\\/phongphim3trong1.com\\\/?product=loa-pontos-s#primaryimage\"},\"thumbnailUrl\":\"https:\\\/\\\/phongphim3trong1.com\\\/wp-content\\\/uploads\\\/2022\\\/06\\\/pontos-s-1.jpg\",\"datePublished\":\"2022-06-18T04:24:32+00:00\",\"dateModified\":\"2025-03-07T10:19:15+00:00\",\"breadcrumb\":{\"@id\":\"https:\\\/\\\/phongphim3trong1.com\\\/?product=loa-pontos-s#breadcrumb\"},\"inLanguage\":\"vi\",\"potentialAction\":[{\"@type\":\"ReadAction\",\"target\":[\"https:\\\/\\\/phongphim3trong1.com\\\/?product=loa-pontos-s\"]}]},{\"@type\":\"ImageObject\",\"inLanguage\":\"vi\",\"@id\":\"https:\\\/\\\/phongphim3trong1.com\\\/?product=loa-pontos-s#primaryimage\",\"url\":\"https:\\\/\\\/phongphim3trong1.com\\\/wp-content\\\/uploads\\\/2022\\\/06\\\/pontos-s-1.jpg\",\"contentUrl\":\"https:\\\/\\\/phongphim3trong1.com\\\/wp-content\\\/uploads\\\/2022\\\/06\\\/pontos-s-1.jpg\",\"width\":510,\"height\":680},{\"@type\":\"BreadcrumbList\",\"@id\":\"https:\\\/\\\/phongphim3trong1.com\\\/?product=loa-pontos-s#breadcrumb\",\"itemListElement\":[{\"@type\":\"ListItem\",\"position\":1,\"name\":\"Trang ch\u1ee7\",\"item\":\"https:\\\/\\\/phongphim3trong1.com\\\/\"},{\"@type\":\"ListItem\",\"position\":2,\"name\":\"S\u1ea3n ph\u1ea9m\",\"item\":\"https:\\\/\\\/phongphim3trong1.com\\\/san-pham\\\/\"},{\"@type\":\"ListItem\",\"position\":3,\"name\":\"Loa AQ Pontos S\"}]},{\"@type\":\"WebSite\",\"@id\":\"https:\\\/\\\/phongphim3trong1.com\\\/#website\",\"url\":\"https:\\\/\\\/phongphim3trong1.com\\\/\",\"name\":\"Gi\u1ea3i Ph\u00e1p 1 N\u00fat B\u1ea5m 3in1 \u0110\u1ea7u Ti\u00ean T\u1ea1i Vi\u1ec7t Nam\",\"description\":\"\",\"publisher\":{\"@id\":\"https:\\\/\\\/phongphim3trong1.com\\\/#organization\"},\"potentialAction\":[{\"@type\":\"SearchAction\",\"target\":{\"@type\":\"EntryPoint\",\"urlTemplate\":\"https:\\\/\\\/phongphim3trong1.com\\\/?s={search_term_string}\"},\"query-input\":{\"@type\":\"PropertyValueSpecification\",\"valueRequired\":true,\"valueName\":\"search_term_string\"}}],\"inLanguage\":\"vi\"},{\"@type\":\"Organization\",\"@id\":\"https:\\\/\\\/phongphim3trong1.com\\\/#organization\",\"name\":\"Gi\u1ea3i Ph\u00e1p 1 N\u00fat B\u1ea5m 3in1 \u0110\u1ea7u Ti\u00ean T\u1ea1i Vi\u1ec7t Nam\",\"url\":\"https:\\\/\\\/phongphim3trong1.com\\\/\",\"logo\":{\"@type\":\"ImageObject\",\"inLanguage\":\"vi\",\"@id\":\"https:\\\/\\\/phongphim3trong1.com\\\/#\\\/schema\\\/logo\\\/image\\\/\",\"url\":\"https:\\\/\\\/phongphim3trong1.com\\\/wp-content\\\/uploads\\\/2022\\\/11\\\/logo-phongphim3trong1-vector-moi-to-scaled.jpg\",\"contentUrl\":\"https:\\\/\\\/phongphim3trong1.com\\\/wp-content\\\/uploads\\\/2022\\\/11\\\/logo-phongphim3trong1-vector-moi-to-scaled.jpg\",\"width\":2560,\"height\":2108,\"caption\":\"Gi\u1ea3i Ph\u00e1p 1 N\u00fat B\u1ea5m 3in1 \u0110\u1ea7u Ti\u00ean T\u1ea1i Vi\u1ec7t Nam\"},\"image\":{\"@id\":\"https:\\\/\\\/phongphim3trong1.com\\\/#\\\/schema\\\/logo\\\/image\\\/\"}}]}<\/script>\n<!-- \/ Yoast SEO plugin. -->","yoast_head_json":{"title":"Loa AQ Pontos S - Gi\u1ea3i Ph\u00e1p 1 N\u00fat B\u1ea5m 3in1 \u0110\u1ea7u Ti\u00ean T\u1ea1i Vi\u1ec7t Nam","robots":{"index":"index","follow":"follow","max-snippet":"max-snippet:-1","max-image-preview":"max-image-preview:large","max-video-preview":"max-video-preview:-1"},"canonical":"https:\/\/phongphim3trong1.com\/?product=loa-pontos-s","og_locale":"vi_VN","og_type":"article","og_title":"Loa AQ Pontos S - Gi\u1ea3i Ph\u00e1p 1 N\u00fat B\u1ea5m 3in1 \u0110\u1ea7u Ti\u00ean T\u1ea1i Vi\u1ec7t Nam","og_description":"Made in Czech  Gi\u00e1 b\u00e1n: Li\u00ean H\u1ec7  Th\u00f4ng S\u1ed1 K\u1ef9 Thu\u1eadt T\u1ea7n s\u1ed1: 60 - 43.000 Hz Tr\u1edf kh\u00e1ng: 8 Ohms C\u00f4ng su\u1ea5t: 60 W RMS \u0110\u1ed9 nh\u1ea1y: 89 dB C\u1ea5u t\u1ea1o: 1 x 1\u201d Scan-Speak Illuminator Tweeter 1 x 5\u201d Scan-Speak Illuminator Mid-Woofer K\u00edch th\u01b0\u1edbc (W x H x D): 180 x 380 x 145 mm","og_url":"https:\/\/phongphim3trong1.com\/?product=loa-pontos-s","og_site_name":"Gi\u1ea3i Ph\u00e1p 1 N\u00fat B\u1ea5m 3in1 \u0110\u1ea7u Ti\u00ean T\u1ea1i Vi\u1ec7t Nam","article_modified_time":"2025-03-07T10:19:15+00:00","og_image":[{"width":510,"height":680,"url":"https:\/\/phongphim3trong1.com\/wp-content\/uploads\/2022\/06\/pontos-s-1.jpg","type":"image\/jpeg"}],"twitter_card":"summary_large_image","twitter_misc":{"\u01af\u1edbc t\u00ednh th\u1eddi gian \u0111\u1ecdc":"2 ph\u00fat"},"schema":{"@context":"https:\/\/schema.org","@graph":[{"@type":"WebPage","@id":"https:\/\/phongphim3trong1.com\/?product=loa-pontos-s","url":"https:\/\/phongphim3trong1.com\/?product=loa-pontos-s","name":"Loa AQ Pontos S - Gi\u1ea3i Ph\u00e1p 1 N\u00fat B\u1ea5m 3in1 \u0110\u1ea7u Ti\u00ean T\u1ea1i Vi\u1ec7t Nam","isPartOf":{"@id":"https:\/\/phongphim3trong1.com\/#website"},"primaryImageOfPage":{"@id":"https:\/\/phongphim3trong1.com\/?product=loa-pontos-s#primaryimage"},"image":{"@id":"https:\/\/phongphim3trong1.com\/?product=loa-pontos-s#primaryimage"},"thumbnailUrl":"https:\/\/phongphim3trong1.com\/wp-content\/uploads\/2022\/06\/pontos-s-1.jpg","datePublished":"2022-06-18T04:24:32+00:00","dateModified":"2025-03-07T10:19:15+00:00","breadcrumb":{"@id":"https:\/\/phongphim3trong1.com\/?product=loa-pontos-s#breadcrumb"},"inLanguage":"vi","potentialAction":[{"@type":"ReadAction","target":["https:\/\/phongphim3trong1.com\/?product=loa-pontos-s"]}]},{"@type":"ImageObject","inLanguage":"vi","@id":"https:\/\/phongphim3trong1.com\/?product=loa-pontos-s#primaryimage","url":"https:\/\/phongphim3trong1.com\/wp-content\/uploads\/2022\/06\/pontos-s-1.jpg","contentUrl":"https:\/\/phongphim3trong1.com\/wp-content\/uploads\/2022\/06\/pontos-s-1.jpg","width":510,"height":680},{"@type":"BreadcrumbList","@id":"https:\/\/phongphim3trong1.com\/?product=loa-pontos-s#breadcrumb","itemListElement":[{"@type":"ListItem","position":1,"name":"Trang ch\u1ee7","item":"https:\/\/phongphim3trong1.com\/"},{"@type":"ListItem","position":2,"name":"S\u1ea3n ph\u1ea9m","item":"https:\/\/phongphim3trong1.com\/san-pham\/"},{"@type":"ListItem","position":3,"name":"Loa AQ Pontos S"}]},{"@type":"WebSite","@id":"https:\/\/phongphim3trong1.com\/#website","url":"https:\/\/phongphim3trong1.com\/","name":"Gi\u1ea3i Ph\u00e1p 1 N\u00fat B\u1ea5m 3in1 \u0110\u1ea7u Ti\u00ean T\u1ea1i Vi\u1ec7t Nam","description":"","publisher":{"@id":"https:\/\/phongphim3trong1.com\/#organization"},"potentialAction":[{"@type":"SearchAction","target":{"@type":"EntryPoint","urlTemplate":"https:\/\/phongphim3trong1.com\/?s={search_term_string}"},"query-input":{"@type":"PropertyValueSpecification","valueRequired":true,"valueName":"search_term_string"}}],"inLanguage":"vi"},{"@type":"Organization","@id":"https:\/\/phongphim3trong1.com\/#organization","name":"Gi\u1ea3i Ph\u00e1p 1 N\u00fat B\u1ea5m 3in1 \u0110\u1ea7u Ti\u00ean T\u1ea1i Vi\u1ec7t Nam","url":"https:\/\/phongphim3trong1.com\/","logo":{"@type":"ImageObject","inLanguage":"vi","@id":"https:\/\/phongphim3trong1.com\/#\/schema\/logo\/image\/","url":"https:\/\/phongphim3trong1.com\/wp-content\/uploads\/2022\/11\/logo-phongphim3trong1-vector-moi-to-scaled.jpg","contentUrl":"https:\/\/phongphim3trong1.com\/wp-content\/uploads\/2022\/11\/logo-phongphim3trong1-vector-moi-to-scaled.jpg","width":2560,"height":2108,"caption":"Gi\u1ea3i Ph\u00e1p 1 N\u00fat B\u1ea5m 3in1 \u0110\u1ea7u Ti\u00ean T\u1ea1i Vi\u1ec7t Nam"},"image":{"@id":"https:\/\/phongphim3trong1.com\/#\/schema\/logo\/image\/"}}]}},"_links":{"self":[{"href":"https:\/\/phongphim3trong1.com\/index.php?rest_route=\/wp\/v2\/product\/3425","targetHints":{"allow":["GET"]}}],"collection":[{"href":"https:\/\/phongphim3trong1.com\/index.php?rest_route=\/wp\/v2\/product"}],"about":[{"href":"https:\/\/phongphim3trong1.com\/index.php?rest_route=\/wp\/v2\/types\/product"}],"replies":[{"embeddable":true,"href":"https:\/\/phongphim3trong1.com\/index.php?rest_route=%2Fwp%2Fv2%2Fcomments&post=3425"}],"version-history":[{"count":4,"href":"https:\/\/phongphim3trong1.com\/index.php?rest_route=\/wp\/v2\/product\/3425\/revisions"}],"predecessor-version":[{"id":5738,"href":"https:\/\/phongphim3trong1.com\/index.php?rest_route=\/wp\/v2\/product\/3425\/revisions\/5738"}],"wp:featuredmedia":[{"embeddable":true,"href":"https:\/\/phongphim3trong1.com\/index.php?rest_route=\/wp\/v2\/media\/3429"}],"wp:attachment":[{"href":"https:\/\/phongphim3trong1.com\/index.php?rest_route=%2Fwp%2Fv2%2Fmedia&parent=3425"}],"wp:term":[{"taxonomy":"product_brand","embeddable":true,"href":"https:\/\/phongphim3trong1.com\/index.php?rest_route=%2Fwp%2Fv2%2Fproduct_brand&post=3425"},{"taxonomy":"product_cat","embeddable":true,"href":"https:\/\/phongphim3trong1.com\/index.php?rest_route=%2Fwp%2Fv2%2Fproduct_cat&post=3425"},{"taxonomy":"product_tag","embeddable":true,"href":"https:\/\/phongphim3trong1.com\/index.php?rest_route=%2Fwp%2Fv2%2Fproduct_tag&post=3425"}],"curies":[{"name":"wp","href":"https:\/\/api.w.org\/{rel}","templated":true}]}}