{"id":3369,"date":"2022-06-15T06:41:45","date_gmt":"2022-06-15T06:41:45","guid":{"rendered":"https:\/\/phongphim3trong1.com\/?post_type=product&#038;p=3369"},"modified":"2025-03-07T10:16:59","modified_gmt":"2025-03-07T10:16:59","slug":"loa-wega-52-mkiii","status":"publish","type":"product","link":"https:\/\/phongphim3trong1.com\/?product=loa-wega-52-mkiii","title":{"rendered":"Loa AQ Wega 52 MKIII"},"content":{"rendered":"<div>Wega 52 MKIII nh\u1ecf g\u1ecdn \u0111\u01b0\u1ee3c thi\u1ebft k\u1ebf cho kh\u00f4ng gian nh\u1ecf h\u01a1n v\u00e0 n\u00f3 c\u00f3 th\u1ec3 ho\u1ea1t \u0111\u1ed9ng r\u1ea5t t\u1ed1t nh\u01b0 m\u1ed9t loa \u00e2m thanh v\u00f2m Home Theater chuy\u00ean d\u1ee5ng.<\/div>\n<div><\/div>\n<div>S\u1ef1 k\u1ebft h\u1ee3p c\u1ee7a c\u00e1c t\u1ea5m MDF, DTD v\u00e0 v\u00e1ch ng\u0103n x\u00e2y d\u1ef1ng b\u00e1nh m\u00ec t\u1ea1o ra l\u1edbp k\u00edn c\u1ee9ng v\u00e0 kh\u00f4ng c\u00f3 c\u1ed9ng h\u01b0\u1edfng. V\u1ecb tr\u00ed c\u1ed5ng ph\u00eda tr\u01b0\u1edbc cho ph\u00e9p l\u1eafp \u0111\u1eb7t g\u1ea7n, tr\u00ean t\u01b0\u1eddng. C\u00e1c thi\u1ebft b\u1ecb \u0111\u1ea7u cu\u1ed1i ch\u1ea5t l\u01b0\u1ee3ng cao cho ph\u00e9p c\u00e1p loa c\u00f3 \u0111\u01b0\u1eddng k\u00ednh l\u00ean \u0111\u1ebfn 4mm2. M\u1eb7t sau 19mm r\u1ea5t ch\u1eafc ch\u1eafn cho ph\u00e9p l\u1eafp \u0111\u1eb7t gi\u00e1 \u0111\u1ee1 treo t\u01b0\u1eddng &#8211; AQ SAT 5 ho\u1eb7c BT1 chuy\u00ean d\u1ee5ng c\u00f3 s\u1eb5n cho c\u00e1c nhi\u1ec7m v\u1ee5 nh\u01b0 v\u1eady.<\/div>\n<div><\/div>\n<div>Polypropylene h\u00ecnh n\u00f3n m\u1ea1nh m\u1ebd 5 \u00bc \u201d\u00e2m trung tr\u1ea7m v\u00e0 loa tweeter Vifa v\u00f2m l\u1ee5a 1\u201d ch\u00ednh x\u00e1c ho\u1ea1t \u0111\u1ed9ng song song v\u00e0 kh\u00f4ng c\u00f3 kh\u1ea3 n\u0103ng x\u1eed l\u00fd nh\u1eefng \u0111o\u1ea1n \u00e2m nh\u1ea1c v\u00e0 \u0111i\u1ec7n \u1ea3nh kh\u1eaft khe nh\u1ea5t. \u0110\u01b0\u1ee3c thi\u1ebft k\u1ebf cho nhi\u1ec1u \u0111\u1ed1i t\u01b0\u1ee3ng ng\u01b0\u1eddi nghe, Wega 52 MKIII gi\u1ed1ng nh\u01b0 \u1edf nh\u00e0 v\u1edbi \u00e2m nh\u1ea1c acoustic v\u00e0 pop. Trong kh\u00f4ng gian l\u1edbn h\u01a1n, Wega 52 MKIII c\u00f3 th\u1ec3 \u0111\u01b0\u1ee3c gh\u00e9p n\u1ed1i v\u1edbi loa si\u00eau tr\u1ea7m &#8211; Wega 54 MKIII \u0111\u1ec3 t\u1ea1o ra h\u1ec7 th\u1ed1ng to\u00e0n d\u1ea3i s\u1ea5m s\u00e9t.<\/div>\n","protected":false},"excerpt":{"rendered":"<p><strong><span style=\"color: #000000;\">Made in Czech<\/span><\/strong><\/p>\n<p><span style=\"color: #ed1c24; font-size: 150%;\"><strong>Gi\u00e1 b\u00e1n: Li\u00ean H\u1ec7<\/strong><\/span><\/p>\n<p><span style=\"color: #000000;\"><strong><span style=\"font-size: 120%;\">Th\u00f4ng s\u1ed1 k\u1ef9 thu\u1eadt<\/span><\/strong><\/span><\/p>\n<div id=\"input_line_0\"><span id=\"input_part_0\" class=\"\" data-mention=\"T\u1ea7n s\u1ed1: 73 - 30.000 Hz\"><strong>T\u1ea7n s\u1ed1:<\/strong> 73 &#8211; 30.000 Hz<\/span><\/div>\n<div id=\"input_line_1\"><span id=\"input_part_0\" class=\"\" data-mention=\"Tr\u1edf kh\u00e1ng: 8 Ohms\"><strong>Tr\u1edf kh\u00e1ng:<\/strong> 8 Ohms<\/span><\/div>\n<div id=\"input_line_2\"><span id=\"input_part_0\" class=\"\" data-mention=\"C\u00f4ng su\u1ea5t: 70 W RMS\"><strong>C\u00f4ng su\u1ea5t:<\/strong> 70 W RMS<\/span><\/div>\n<div id=\"input_line_3\"><span id=\"input_part_0\" class=\"\" data-mention=\"\u0110\u1ed9 nh\u1ea1y: 87 dB\"><strong>\u0110\u1ed9 nh\u1ea1y:<\/strong> 87 dB<\/span><\/div>\n<div id=\"input_line_4\"><strong>C\u1ea5u t\u1ea1o:<\/strong><\/div>\n<div id=\"input_line_5\"><span id=\"input_part_0\" class=\"\" data-mention=\"1 x 1\u201d Vifa silk dome Tweeter\">1 x 1\u201d Vifa silk dome Tweeter<\/span><\/div>\n<div id=\"input_line_6\"><span id=\"input_part_0\" class=\"\" data-mention=\"1 x 5.25\u201d polypropylene Mid-Woofer\">1 x 5.25\u201d polypropylene Mid-Woofer<\/span><\/div>\n<div id=\"input_line_7\"><span id=\"input_part_0\" class=\"\" data-mention=\"K\u00edch th\u01b0\u1edbc (W x H x D): 165 x 275 x 160 mm\"><strong>K\u00edch th\u01b0\u1edbc (W x H x D):<\/strong> 165 x 275 x 160 mm<\/span><\/div>\n","protected":false},"featured_media":3371,"comment_status":"closed","ping_status":"closed","template":"","meta":{"pgc_meta":""},"product_brand":[],"product_cat":[238],"product_tag":[553,550,552,554,551],"class_list":{"0":"post-3369","1":"product","2":"type-product","3":"status-publish","4":"has-post-thumbnail","6":"product_cat-aq-audio","7":"product_tag-52-mkiii","8":"product_tag-aq-wega-52-mkiii","9":"product_tag-wega-52","10":"product_tag-wega-52-mk3","11":"product_tag-wega-52-mkiii","13":"first","14":"instock","15":"shipping-taxable","16":"product-type-simple"},"yoast_head":"<!-- This site is optimized with the Yoast SEO plugin v27.4 - https:\/\/yoast.com\/product\/yoast-seo-wordpress\/ -->\n<title>Loa AQ Wega 52 MKIII - Gi\u1ea3i Ph\u00e1p 1 N\u00fat B\u1ea5m 3in1 \u0110\u1ea7u Ti\u00ean T\u1ea1i Vi\u1ec7t Nam<\/title>\n<meta name=\"robots\" content=\"index, follow, max-snippet:-1, max-image-preview:large, max-video-preview:-1\" \/>\n<link rel=\"canonical\" href=\"https:\/\/phongphim3trong1.com\/?product=loa-wega-52-mkiii\" \/>\n<meta property=\"og:locale\" content=\"vi_VN\" \/>\n<meta property=\"og:type\" content=\"article\" \/>\n<meta property=\"og:title\" content=\"Loa AQ Wega 52 MKIII - Gi\u1ea3i Ph\u00e1p 1 N\u00fat B\u1ea5m 3in1 \u0110\u1ea7u Ti\u00ean T\u1ea1i Vi\u1ec7t Nam\" \/>\n<meta property=\"og:description\" content=\"Made in Czech  Gi\u00e1 b\u00e1n: Li\u00ean H\u1ec7  Th\u00f4ng s\u1ed1 k\u1ef9 thu\u1eadt T\u1ea7n s\u1ed1: 73 - 30.000 Hz Tr\u1edf kh\u00e1ng: 8 Ohms C\u00f4ng su\u1ea5t: 70 W RMS \u0110\u1ed9 nh\u1ea1y: 87 dB C\u1ea5u t\u1ea1o: 1 x 1\u201d Vifa silk dome Tweeter 1 x 5.25\u201d polypropylene Mid-Woofer K\u00edch th\u01b0\u1edbc (W x H x D): 165 x 275 x 160 mm\" \/>\n<meta property=\"og:url\" content=\"https:\/\/phongphim3trong1.com\/?product=loa-wega-52-mkiii\" \/>\n<meta property=\"og:site_name\" content=\"Gi\u1ea3i Ph\u00e1p 1 N\u00fat B\u1ea5m 3in1 \u0110\u1ea7u Ti\u00ean T\u1ea1i Vi\u1ec7t Nam\" \/>\n<meta property=\"article:modified_time\" content=\"2025-03-07T10:16:59+00:00\" \/>\n<meta property=\"og:image\" content=\"https:\/\/phongphim3trong1.com\/wp-content\/uploads\/2022\/06\/Loa-wega-52-2.jpg\" \/>\n\t<meta property=\"og:image:width\" content=\"510\" \/>\n\t<meta property=\"og:image:height\" content=\"680\" \/>\n\t<meta property=\"og:image:type\" content=\"image\/jpeg\" \/>\n<meta name=\"twitter:card\" content=\"summary_large_image\" \/>\n<meta name=\"twitter:label1\" content=\"\u01af\u1edbc t\u00ednh th\u1eddi gian \u0111\u1ecdc\" \/>\n\t<meta name=\"twitter:data1\" content=\"2 ph\u00fat\" \/>\n<script type=\"application\/ld+json\" class=\"yoast-schema-graph\">{\"@context\":\"https:\\\/\\\/schema.org\",\"@graph\":[{\"@type\":\"WebPage\",\"@id\":\"https:\\\/\\\/phongphim3trong1.com\\\/?product=loa-wega-52-mkiii\",\"url\":\"https:\\\/\\\/phongphim3trong1.com\\\/?product=loa-wega-52-mkiii\",\"name\":\"Loa AQ Wega 52 MKIII - Gi\u1ea3i Ph\u00e1p 1 N\u00fat B\u1ea5m 3in1 \u0110\u1ea7u Ti\u00ean T\u1ea1i Vi\u1ec7t Nam\",\"isPartOf\":{\"@id\":\"https:\\\/\\\/phongphim3trong1.com\\\/#website\"},\"primaryImageOfPage\":{\"@id\":\"https:\\\/\\\/phongphim3trong1.com\\\/?product=loa-wega-52-mkiii#primaryimage\"},\"image\":{\"@id\":\"https:\\\/\\\/phongphim3trong1.com\\\/?product=loa-wega-52-mkiii#primaryimage\"},\"thumbnailUrl\":\"https:\\\/\\\/phongphim3trong1.com\\\/wp-content\\\/uploads\\\/2022\\\/06\\\/Loa-wega-52-2.jpg\",\"datePublished\":\"2022-06-15T06:41:45+00:00\",\"dateModified\":\"2025-03-07T10:16:59+00:00\",\"breadcrumb\":{\"@id\":\"https:\\\/\\\/phongphim3trong1.com\\\/?product=loa-wega-52-mkiii#breadcrumb\"},\"inLanguage\":\"vi\",\"potentialAction\":[{\"@type\":\"ReadAction\",\"target\":[\"https:\\\/\\\/phongphim3trong1.com\\\/?product=loa-wega-52-mkiii\"]}]},{\"@type\":\"ImageObject\",\"inLanguage\":\"vi\",\"@id\":\"https:\\\/\\\/phongphim3trong1.com\\\/?product=loa-wega-52-mkiii#primaryimage\",\"url\":\"https:\\\/\\\/phongphim3trong1.com\\\/wp-content\\\/uploads\\\/2022\\\/06\\\/Loa-wega-52-2.jpg\",\"contentUrl\":\"https:\\\/\\\/phongphim3trong1.com\\\/wp-content\\\/uploads\\\/2022\\\/06\\\/Loa-wega-52-2.jpg\",\"width\":510,\"height\":680},{\"@type\":\"BreadcrumbList\",\"@id\":\"https:\\\/\\\/phongphim3trong1.com\\\/?product=loa-wega-52-mkiii#breadcrumb\",\"itemListElement\":[{\"@type\":\"ListItem\",\"position\":1,\"name\":\"Trang ch\u1ee7\",\"item\":\"https:\\\/\\\/phongphim3trong1.com\\\/\"},{\"@type\":\"ListItem\",\"position\":2,\"name\":\"S\u1ea3n ph\u1ea9m\",\"item\":\"https:\\\/\\\/phongphim3trong1.com\\\/san-pham\\\/\"},{\"@type\":\"ListItem\",\"position\":3,\"name\":\"Loa AQ Wega 52 MKIII\"}]},{\"@type\":\"WebSite\",\"@id\":\"https:\\\/\\\/phongphim3trong1.com\\\/#website\",\"url\":\"https:\\\/\\\/phongphim3trong1.com\\\/\",\"name\":\"Gi\u1ea3i Ph\u00e1p 1 N\u00fat B\u1ea5m 3in1 \u0110\u1ea7u Ti\u00ean T\u1ea1i Vi\u1ec7t Nam\",\"description\":\"\",\"publisher\":{\"@id\":\"https:\\\/\\\/phongphim3trong1.com\\\/#organization\"},\"potentialAction\":[{\"@type\":\"SearchAction\",\"target\":{\"@type\":\"EntryPoint\",\"urlTemplate\":\"https:\\\/\\\/phongphim3trong1.com\\\/?s={search_term_string}\"},\"query-input\":{\"@type\":\"PropertyValueSpecification\",\"valueRequired\":true,\"valueName\":\"search_term_string\"}}],\"inLanguage\":\"vi\"},{\"@type\":\"Organization\",\"@id\":\"https:\\\/\\\/phongphim3trong1.com\\\/#organization\",\"name\":\"Gi\u1ea3i Ph\u00e1p 1 N\u00fat B\u1ea5m 3in1 \u0110\u1ea7u Ti\u00ean T\u1ea1i Vi\u1ec7t Nam\",\"url\":\"https:\\\/\\\/phongphim3trong1.com\\\/\",\"logo\":{\"@type\":\"ImageObject\",\"inLanguage\":\"vi\",\"@id\":\"https:\\\/\\\/phongphim3trong1.com\\\/#\\\/schema\\\/logo\\\/image\\\/\",\"url\":\"https:\\\/\\\/phongphim3trong1.com\\\/wp-content\\\/uploads\\\/2022\\\/11\\\/logo-phongphim3trong1-vector-moi-to-scaled.jpg\",\"contentUrl\":\"https:\\\/\\\/phongphim3trong1.com\\\/wp-content\\\/uploads\\\/2022\\\/11\\\/logo-phongphim3trong1-vector-moi-to-scaled.jpg\",\"width\":2560,\"height\":2108,\"caption\":\"Gi\u1ea3i Ph\u00e1p 1 N\u00fat B\u1ea5m 3in1 \u0110\u1ea7u Ti\u00ean T\u1ea1i Vi\u1ec7t Nam\"},\"image\":{\"@id\":\"https:\\\/\\\/phongphim3trong1.com\\\/#\\\/schema\\\/logo\\\/image\\\/\"}}]}<\/script>\n<!-- \/ Yoast SEO plugin. -->","yoast_head_json":{"title":"Loa AQ Wega 52 MKIII - Gi\u1ea3i Ph\u00e1p 1 N\u00fat B\u1ea5m 3in1 \u0110\u1ea7u Ti\u00ean T\u1ea1i Vi\u1ec7t Nam","robots":{"index":"index","follow":"follow","max-snippet":"max-snippet:-1","max-image-preview":"max-image-preview:large","max-video-preview":"max-video-preview:-1"},"canonical":"https:\/\/phongphim3trong1.com\/?product=loa-wega-52-mkiii","og_locale":"vi_VN","og_type":"article","og_title":"Loa AQ Wega 52 MKIII - Gi\u1ea3i Ph\u00e1p 1 N\u00fat B\u1ea5m 3in1 \u0110\u1ea7u Ti\u00ean T\u1ea1i Vi\u1ec7t Nam","og_description":"Made in Czech  Gi\u00e1 b\u00e1n: Li\u00ean H\u1ec7  Th\u00f4ng s\u1ed1 k\u1ef9 thu\u1eadt T\u1ea7n s\u1ed1: 73 - 30.000 Hz Tr\u1edf kh\u00e1ng: 8 Ohms C\u00f4ng su\u1ea5t: 70 W RMS \u0110\u1ed9 nh\u1ea1y: 87 dB C\u1ea5u t\u1ea1o: 1 x 1\u201d Vifa silk dome Tweeter 1 x 5.25\u201d polypropylene Mid-Woofer K\u00edch th\u01b0\u1edbc (W x H x D): 165 x 275 x 160 mm","og_url":"https:\/\/phongphim3trong1.com\/?product=loa-wega-52-mkiii","og_site_name":"Gi\u1ea3i Ph\u00e1p 1 N\u00fat B\u1ea5m 3in1 \u0110\u1ea7u Ti\u00ean T\u1ea1i Vi\u1ec7t Nam","article_modified_time":"2025-03-07T10:16:59+00:00","og_image":[{"width":510,"height":680,"url":"https:\/\/phongphim3trong1.com\/wp-content\/uploads\/2022\/06\/Loa-wega-52-2.jpg","type":"image\/jpeg"}],"twitter_card":"summary_large_image","twitter_misc":{"\u01af\u1edbc t\u00ednh th\u1eddi gian \u0111\u1ecdc":"2 ph\u00fat"},"schema":{"@context":"https:\/\/schema.org","@graph":[{"@type":"WebPage","@id":"https:\/\/phongphim3trong1.com\/?product=loa-wega-52-mkiii","url":"https:\/\/phongphim3trong1.com\/?product=loa-wega-52-mkiii","name":"Loa AQ Wega 52 MKIII - Gi\u1ea3i Ph\u00e1p 1 N\u00fat B\u1ea5m 3in1 \u0110\u1ea7u Ti\u00ean T\u1ea1i Vi\u1ec7t Nam","isPartOf":{"@id":"https:\/\/phongphim3trong1.com\/#website"},"primaryImageOfPage":{"@id":"https:\/\/phongphim3trong1.com\/?product=loa-wega-52-mkiii#primaryimage"},"image":{"@id":"https:\/\/phongphim3trong1.com\/?product=loa-wega-52-mkiii#primaryimage"},"thumbnailUrl":"https:\/\/phongphim3trong1.com\/wp-content\/uploads\/2022\/06\/Loa-wega-52-2.jpg","datePublished":"2022-06-15T06:41:45+00:00","dateModified":"2025-03-07T10:16:59+00:00","breadcrumb":{"@id":"https:\/\/phongphim3trong1.com\/?product=loa-wega-52-mkiii#breadcrumb"},"inLanguage":"vi","potentialAction":[{"@type":"ReadAction","target":["https:\/\/phongphim3trong1.com\/?product=loa-wega-52-mkiii"]}]},{"@type":"ImageObject","inLanguage":"vi","@id":"https:\/\/phongphim3trong1.com\/?product=loa-wega-52-mkiii#primaryimage","url":"https:\/\/phongphim3trong1.com\/wp-content\/uploads\/2022\/06\/Loa-wega-52-2.jpg","contentUrl":"https:\/\/phongphim3trong1.com\/wp-content\/uploads\/2022\/06\/Loa-wega-52-2.jpg","width":510,"height":680},{"@type":"BreadcrumbList","@id":"https:\/\/phongphim3trong1.com\/?product=loa-wega-52-mkiii#breadcrumb","itemListElement":[{"@type":"ListItem","position":1,"name":"Trang ch\u1ee7","item":"https:\/\/phongphim3trong1.com\/"},{"@type":"ListItem","position":2,"name":"S\u1ea3n ph\u1ea9m","item":"https:\/\/phongphim3trong1.com\/san-pham\/"},{"@type":"ListItem","position":3,"name":"Loa AQ Wega 52 MKIII"}]},{"@type":"WebSite","@id":"https:\/\/phongphim3trong1.com\/#website","url":"https:\/\/phongphim3trong1.com\/","name":"Gi\u1ea3i Ph\u00e1p 1 N\u00fat B\u1ea5m 3in1 \u0110\u1ea7u Ti\u00ean T\u1ea1i Vi\u1ec7t Nam","description":"","publisher":{"@id":"https:\/\/phongphim3trong1.com\/#organization"},"potentialAction":[{"@type":"SearchAction","target":{"@type":"EntryPoint","urlTemplate":"https:\/\/phongphim3trong1.com\/?s={search_term_string}"},"query-input":{"@type":"PropertyValueSpecification","valueRequired":true,"valueName":"search_term_string"}}],"inLanguage":"vi"},{"@type":"Organization","@id":"https:\/\/phongphim3trong1.com\/#organization","name":"Gi\u1ea3i Ph\u00e1p 1 N\u00fat B\u1ea5m 3in1 \u0110\u1ea7u Ti\u00ean T\u1ea1i Vi\u1ec7t Nam","url":"https:\/\/phongphim3trong1.com\/","logo":{"@type":"ImageObject","inLanguage":"vi","@id":"https:\/\/phongphim3trong1.com\/#\/schema\/logo\/image\/","url":"https:\/\/phongphim3trong1.com\/wp-content\/uploads\/2022\/11\/logo-phongphim3trong1-vector-moi-to-scaled.jpg","contentUrl":"https:\/\/phongphim3trong1.com\/wp-content\/uploads\/2022\/11\/logo-phongphim3trong1-vector-moi-to-scaled.jpg","width":2560,"height":2108,"caption":"Gi\u1ea3i Ph\u00e1p 1 N\u00fat B\u1ea5m 3in1 \u0110\u1ea7u Ti\u00ean T\u1ea1i Vi\u1ec7t Nam"},"image":{"@id":"https:\/\/phongphim3trong1.com\/#\/schema\/logo\/image\/"}}]}},"_links":{"self":[{"href":"https:\/\/phongphim3trong1.com\/index.php?rest_route=\/wp\/v2\/product\/3369","targetHints":{"allow":["GET"]}}],"collection":[{"href":"https:\/\/phongphim3trong1.com\/index.php?rest_route=\/wp\/v2\/product"}],"about":[{"href":"https:\/\/phongphim3trong1.com\/index.php?rest_route=\/wp\/v2\/types\/product"}],"replies":[{"embeddable":true,"href":"https:\/\/phongphim3trong1.com\/index.php?rest_route=%2Fwp%2Fv2%2Fcomments&post=3369"}],"version-history":[{"count":10,"href":"https:\/\/phongphim3trong1.com\/index.php?rest_route=\/wp\/v2\/product\/3369\/revisions"}],"predecessor-version":[{"id":5735,"href":"https:\/\/phongphim3trong1.com\/index.php?rest_route=\/wp\/v2\/product\/3369\/revisions\/5735"}],"wp:featuredmedia":[{"embeddable":true,"href":"https:\/\/phongphim3trong1.com\/index.php?rest_route=\/wp\/v2\/media\/3371"}],"wp:attachment":[{"href":"https:\/\/phongphim3trong1.com\/index.php?rest_route=%2Fwp%2Fv2%2Fmedia&parent=3369"}],"wp:term":[{"taxonomy":"product_brand","embeddable":true,"href":"https:\/\/phongphim3trong1.com\/index.php?rest_route=%2Fwp%2Fv2%2Fproduct_brand&post=3369"},{"taxonomy":"product_cat","embeddable":true,"href":"https:\/\/phongphim3trong1.com\/index.php?rest_route=%2Fwp%2Fv2%2Fproduct_cat&post=3369"},{"taxonomy":"product_tag","embeddable":true,"href":"https:\/\/phongphim3trong1.com\/index.php?rest_route=%2Fwp%2Fv2%2Fproduct_tag&post=3369"}],"curies":[{"name":"wp","href":"https:\/\/api.w.org\/{rel}","templated":true}]}}